{"id":17995,"date":"2026-02-23T10:18:49","date_gmt":"2026-02-23T09:18:49","guid":{"rendered":"https:\/\/www2.palaisannecy.com\/?post_type=offers&#038;p=17995"},"modified":"2026-03-09T15:26:40","modified_gmt":"2026-03-09T14:26:40","slug":"offre-du-moment","status":"publish","type":"offers","link":"https:\/\/www.palaisannecy.com\/fr\/offers\/offre-du-moment\/","title":{"rendered":"Week-end de P\u00e2ques \u00e0 Annecy"},"content":{"rendered":"<p>Le printemps arrive et Annecy commence d\u00e9j\u00e0 \u00e0 rayonner \ud83c\udf37\u2728<\/p>\n<p>Pour le week-end de P\u00e2ques du vendredi 3 au lundi 6 avril 2026, offrez-vous une parenth\u00e8se au c\u0153ur du centre historique d\u2019Annecy.<\/p>\n<p>\ud83c\udf0a \u00c0 seulement quelques pas de l\u2019h\u00f4tel, le lac vous attend pour profiter des premiers beaux jours : balades au bord de l\u2019eau, terrasses ensoleill\u00e9es, ruelles fleuries et douceur printani\u00e8re\u2026 Le cadre id\u00e9al pour un week-end ressour\u00e7ant.<\/p>\n<p>\ud83d\udece\ufe0f Pourquoi r\u00e9server d\u00e8s maintenant ?<\/p>\n<p>\u2714\ufe0f Meilleurs tarifs garantis exclusivement sur notre site officiel<br \/>\n\u2714\ufe0f Emplacement exceptionnel en plein centre historique<br \/>\n\u2714\ufe0f Confort et accueil chaleureux<br \/>\n\u2714\ufe0f Disponibilit\u00e9s limit\u00e9es sur ce week-end tr\u00e8s demand\u00e9<\/p>\n<p>\ud83d\udc49 R\u00e9servez d\u00e8s maintenant sur notre site pour b\u00e9n\u00e9ficier du meilleur prix garanti<\/p>\n","protected":false},"featured_media":25158,"template":"","class_list":["post-17995","offers","type-offers","status-publish","has-post-thumbnail","hentry"],"acf":[],"_links":{"self":[{"href":"https:\/\/www.palaisannecy.com\/fr\/wp-json\/wp\/v2\/offers\/17995","targetHints":{"allow":["GET"]}}],"collection":[{"href":"https:\/\/www.palaisannecy.com\/fr\/wp-json\/wp\/v2\/offers"}],"about":[{"href":"https:\/\/www.palaisannecy.com\/fr\/wp-json\/wp\/v2\/types\/offers"}],"wp:featuredmedia":[{"embeddable":true,"href":"https:\/\/www.palaisannecy.com\/fr\/wp-json\/wp\/v2\/media\/25158"}],"wp:attachment":[{"href":"https:\/\/www.palaisannecy.com\/fr\/wp-json\/wp\/v2\/media?parent=17995"}],"curies":[{"name":"wp","href":"https:\/\/api.w.org\/{rel}","templated":true}]}}

Week-end de Pâques à Annecy

<p>Le printemps arrive et Annecy commence déjà à rayonner 🌷✨</p>
<p>Pour le week-end de Pâques du vendredi 3 au lundi 6 avril 2026, offrez-vous une parenthèse au cœur du centre historique d’Annecy.</p>
<p>🌊 À seulement quelques pas de l’hôtel, le lac vous attend pour profiter des premiers beaux jours : balades au bord de l’eau, terrasses ensoleillées, ruelles fleuries et douceur printanière… Le cadre idéal pour un week-end ressourçant.</p>
<p>🛎️ Pourquoi réserver dès maintenant ?</p>
<p>✔️ Meilleurs tarifs garantis exclusivement sur notre site officiel<br />
✔️ Emplacement exceptionnel en plein centre historique<br />
✔️ Confort et accueil chaleureux<br />
✔️ Disponibilités limitées sur ce week-end très demandé</p>
<p>👉 Réservez dès maintenant sur notre site pour bénéficier du meilleur prix garanti</p>
